What is the greatest common divisor of 8778 and 1862?
266
Calculate the greatest common divisor of 348 and 28212.
12
What is the greatest common factor of 6138 and 713031?
1023
Calculate the highest common factor of 40658 and 406.
58
What is the greatest common divisor of 302362 and 153?
17
What is the highest common factor of 528 and 96000?
48
What is the highest common factor of 260 and 46228?
52
What is the greatest common factor of 18 and 250?
2
What is the highest common factor of 5489 and 352?
11
Calculate the highest common divisor of 12024 and 84.
12
Calculate the greatest common factor of 77892 and 228.
12
What is the greatest common divisor of 722 and 1026?
38
What is the highest common factor of 27229 and 2628?
73
Calculate the highest common factor of 2478 and 2604.
42
Calculate the highest common divisor of 190 and 2102540.
190
Calculate the highest common factor of 196 and 215922.
14
Calculate the highest common divisor of 1312 and 26650.
82
Calculate the greatest common factor of 1037232 and 624.
48
Calculate the greatest common factor of 2792 and 46128.
8
Calculate the greatest common divisor of 35610 and 4260.
30
What is the greatest common factor of 244540 and 100?
20
What is the greatest common factor of 121342 and 23491?
169
What is the greatest common divisor of 95688 and 2160?
216
What is the highest common factor of 2681 and 2954?
7
What is the highest common factor of 1118 and 5018?
26
What is the highest common divisor of 12195533 and 259?
259
Calculate the greatest common divisor of 7326344 and 122.
122
Calculate the highest common divisor of 96889 and 39.
13
Calculate the greatest common factor of 558 and 51057.
279
Calculate the greatest common factor of 2275 and 165165.
455
Calculate the highest common divisor of 362 and 97378.
362
Calculate the greatest common divisor of 28 and 541086.
14
Calculate the highest common divisor of 5267 and 3611.
23
What is the greatest common factor of 847 and 39039?
77
What is the highest common factor of 35 and 11116?
7
Calculate the greatest common divisor of 17598 and 168.
42
Calculate the greatest common divisor of 288260 and 928.
116
What is the greatest common divisor of 7582 and 68?
34
What is the greatest common divisor of 43393 and 7?
7
Calculate the highest common factor of 165507 and 2064.
129
Calculate the highest common factor of 952 and 131512.
136
Calculate the highest common factor of 669 and 26983.
223
Calculate the greatest common factor of 52 and 1193972.
52
Calculate the highest common factor of 14355 and 8217.
99
Calculate the greatest common factor of 1234753 and 1235.
247
Calculate the highest common divisor of 712714 and 24275.
971
What is the greatest common factor of 1195 and 100?
5
Calculate the highest common factor of 320892 and 1836.
204
Calculate the greatest common factor of 3426 and 222.
6
What is the greatest common factor of 16443 and 14819?
203
Calculate the greatest common divisor of 172 and 137987.
43
What is the greatest common divisor of 29362 and 530?
106
Calculate the highest common divisor of 6182 and 6.
2
Calculate the greatest common factor of 45129 and 441.
147
What is the greatest common divisor of 10908 and 303?
303
What is the greatest common divisor of 13 and 1884051?
13
What is the greatest common divisor of 327 and 27359?
109
Calculate the highest common divisor of 35224 and 888.
296
What is the greatest common divisor of 78518 and 187?
11
What is the highest common factor of 5586 and 21?
21
Calculate the highest common factor of 12558 and 624.
78
What is the highest common factor of 20 and 3968?
4
What is the highest common factor of 6 and 78789?
3
Calculate the highest common factor of 4656600 and 6368.
1592
What is the highest common divisor of 184 and 991576?
184
Calculate the highest common divisor of 306 and 3006.
18
Calculate the highest common divisor of 1251 and 5679.
9
Calculate the highest common divisor of 12275 and 425.
25
Calculate the highest common factor of 302785 and 4920.
205
Calculate the greatest common factor of 485866 and 290.
58
Calculate the highest common divisor of 6460 and 13498.
34
What is the highest common factor of 28 and 281932?
28
Calculate the highest common divisor of 115080 and 70.
70
Calculate the highest common factor of 42 and 54138.
42
Calculate the greatest common factor of 27 and 7460883.
27
What is the highest common divisor of 1400321 and 13?
13
What is the greatest common factor of 230 and 314800?
10
Calculate the highest common factor of 24719 and 368183.
1301
What is the highest common factor of 600 and 1330500?
300
Calculate the highest common factor of 2360 and 921875.
295
Calculate the greatest common divisor of 17 and 900405.
17
What is the highest common divisor of 36207 and 3576?
447
What is the greatest common factor of 48 and 139360?
16
What is the greatest common factor of 69708 and 2220?
444
Calculate the greatest common divisor of 224 and 182.
14
Calculate the highest common divisor of 357 and 282863.
119
What is the highest common factor of 1570 and 23690?
10
Calculate the greatest common divisor of 856041 and 11691.
1299
Calculate the greatest common divisor of 21 and 490.
7
What is the greatest common divisor of 74329 and 2177?
311
What is the greatest common factor of 74 and 52642?
2
What is the highest common divisor of 6295 and 1865?
5
What is the greatest common factor of 12960 and 16605?
405
Calculate the highest common divisor of 829 and 892833.
829
What is the greatest common divisor of 348 and 16820?
116
What is the highest common divisor of 136 and 11458?
34
What is the greatest common divisor of 60 and 5046852?
12
What is the highest common factor of 244 and 563762?
122
Calculate the highest common factor of 64720 and 3780.
20
What is the greatest common divisor of 725631 and 3?
3
Calculate the greatest common divisor of 962682 and 42.
42
Calculate the greatest common factor of 15125 and 121.
121
Calculate the highest common factor of 806013 and 117.
117
Calculate the greatest common factor of 20888495 and 17.
17
Calculate the highest common factor of 6434 and 38.
2
Calculate the greatest common factor of 1255 and 69527.
251
What is the highest common divisor of 152 and 1159000?
152
Calculate the highest common factor of 35 and 1019991.
7
Calculate the highest common factor of 323955 and 1935.
45
What is the greatest common factor of 644 and 35236?
92
What is the greatest common divisor of 9812839 and 213?
71
What is the highest common divisor of 5103 and 124929?
189
What is the highest common divisor of 14088 and 168?
24
Calculate the highest common factor of 144600 and 144.
24
Calculate the greatest common divisor of 192 and 282176.
64
Calculate the greatest common factor of 63936 and 384.
192
What is the greatest common factor of 776 and 17266?
194
What is the greatest common divisor of 73186 and 370?
74
Calculate the highest common factor of 66884 and 8.
4
What is the greatest common divisor of 48 and 156272?
16
What is the greatest common factor of 441616 and 224?
112
What is the greatest common divisor of 6655 and 186945?
605
Calculate the highest common factor of 118215 and 555.
555
What is the highest common factor of 19499 and 225959?
1147
What is the highest common divisor of 7365 and 18780?
15
Calculate the greatest common factor of 585 and 806013.
117
Calculate the greatest common factor of 44659 and 43452.
1207
Calculate the greatest common factor of 9281108 and 268.
268
Calculate the greatest common divisor of 3218 and 2109399.
1609
Calculate the highest common divisor of 45 and 28155.
15
Calculate the highest common divisor of 1836 and 52.
4
Calculate the greatest common factor of 15908 and 21922.
194
What is the highest common factor of 124 and 76229?
31
What is the highest common factor of 16116 and 544?
68
What is the highest common factor of 59701 and 1315?
263
Calculate the greatest common factor of 16412 and 55.
11
What is the greatest common divisor of 3504 and 17958?
438
Calculate the greatest common factor of 211 and 844633.
211
Calculate the greatest common factor of 37 and 43.
1
What is the highest common factor of 7 and 831908?
7
Calculate the highest common factor of 208360 and 20.
20
What is the greatest common divisor of 3820 